{"id":39,"date":"2023-03-27T11:20:57","date_gmt":"2023-03-27T11:20:57","guid":{"rendered":"https:\/\/prodeco.pt\/?page_id=39"},"modified":"2023-03-29T11:48:06","modified_gmt":"2023-03-29T11:48:06","slug":"servico-de-apoio-domiciliario-sad","status":"publish","type":"page","link":"https:\/\/prodeco.pt\/?page_id=39","title":{"rendered":"Servi\u00e7o de Apoio Domicili\u00e1rio (SAD)"},"content":{"rendered":"\n<figure class=\"wp-block-pullquote\"><blockquote><p>O Servi\u00e7o de Apoio Domicili\u00e1rio (SAD) \u00e9 a resposta social que consiste na presta\u00e7\u00e3o de cuidados e servi\u00e7os a pessoas e\/ou fam\u00edlias que se encontrem no seu domic\u00edlio, em situa\u00e7\u00e3o de depend\u00eancia f\u00edsica e\/ou ps\u00edquica e que n\u00e3o possa assegurar, tempor\u00e1ria ou permanentemente, a satisfa\u00e7\u00e3o das suas necessidades b\u00e1sicas e\/ou a realiza\u00e7\u00e3o das atividades instrumentais da vida di\u00e1ria, e que n\u00e3o disponham de apoio familiar para o efeito.<\/p><\/blockquote><\/figure>\n\n\n\n<div style=\"height:51px\" aria-hidden=\"true\" class=\"wp-block-spacer\"><\/div>\n\n\n\n<p>Esta resposta social tem como objetivo garantir aos cidad\u00e3os o acesso a servi\u00e7os de qualidade cada vez mais adequados \u00e0 satisfa\u00e7\u00e3o das suas necessidades e expectativas, nomeadamente a melhoria da qualidade de vida das pessoas e fam\u00edlias; contribuir para a concilia\u00e7\u00e3o da vida familiar e profissional do agregado familiar; contribuir para a perman\u00eancia dos utentes no seu meio habitual de vida, retardando ou evitando o recurso a estruturas residenciais; promover estrat\u00e9gias de desenvolvimento da autonomia, prestando os cuidados e servi\u00e7os adequados \u00e0s necessidades dos utentes.<\/p>\n\n\n\n<p>Para a prossecu\u00e7\u00e3o desses objetivos, o SAD proporciona um <strong>conjunto de cuidados e servi\u00e7os<\/strong>, em fun\u00e7\u00e3o das necessidades dos utentes, disponibilizados todos os dias da semana, incluindo s\u00e1bados, domingos e feriados, se necess\u00e1rio.<\/p>\n\n\n\n<div style=\"height:51px\" aria-hidden=\"true\" class=\"wp-block-spacer\"><\/div>\n\n\n\n<h5 class=\"wp-block-heading\"><strong>Servi\u00e7os<\/strong><\/h5>\n\n\n\n<div class=\"wp-block-columns is-layout-flex wp-container-core-columns-is-layout-28f84493 wp-block-columns-is-layout-flex\">\n<div class=\"wp-block-column is-layout-flow wp-block-column-is-layout-flow\">\n<figure class=\"wp-block-image aligncenter size-full\"><img loading=\"lazy\" decoding=\"async\" width=\"150\" height=\"150\" src=\"https:\/\/prodeco.pt\/wp-content\/uploads\/2023\/03\/creche-6.png\" alt=\"\" class=\"wp-image-82\"\/><\/figure>\n\n\n\n<p class=\"has-text-align-center\">Fornecimento e apoio, se necess\u00e1rio, nas refei\u00e7\u00f5es, com respeito pelas dietas com prescri\u00e7\u00e3o m\u00e9dica<\/p>\n\n\n\n<p><\/p>\n<\/div>\n\n\n\n<div class=\"wp-block-column is-layout-flow wp-block-column-is-layout-flow\">\n<figure class=\"wp-block-image aligncenter size-full\"><img loading=\"lazy\" decoding=\"async\" width=\"150\" height=\"150\" src=\"https:\/\/prodeco.pt\/wp-content\/uploads\/2023\/03\/creche-2.png\" alt=\"\" class=\"wp-image-78\"\/><\/figure>\n\n\n\n<p class=\"has-text-align-center\">Cuidados de higiene e conforto pessoal<\/p>\n<\/div>\n\n\n\n<div class=\"wp-block-column is-layout-flow wp-block-column-is-layout-flow\">\n<figure class=\"wp-block-image aligncenter size-full\"><img loading=\"lazy\" decoding=\"async\" width=\"150\" height=\"150\" src=\"https:\/\/prodeco.pt\/wp-content\/uploads\/2023\/03\/clothes-hanger.png\" alt=\"\" class=\"wp-image-124\"\/><\/figure>\n\n\n\n<p class=\"has-text-align-center\">Tratamento de roupa<\/p>\n<\/div>\n<\/div>\n\n\n\n<div class=\"wp-block-columns is-layout-flex wp-container-core-columns-is-layout-28f84493 wp-block-columns-is-layout-flex\">\n<div class=\"wp-block-column is-layout-flow wp-block-column-is-layout-flow\">\n<figure class=\"wp-block-image aligncenter size-full\"><img loading=\"lazy\" decoding=\"async\" width=\"150\" height=\"150\" src=\"https:\/\/prodeco.pt\/wp-content\/uploads\/2023\/03\/clean.png\" alt=\"\" class=\"wp-image-107\"\/><\/figure>\n\n\n\n<p class=\"has-text-align-center\">Higiene habitacional, estritamente necess\u00e1ria \u00e0 natureza dos cuidados prestados<\/p>\n<\/div>\n\n\n\n<div class=\"wp-block-column is-layout-flow wp-block-column-is-layout-flow\">\n<figure class=\"wp-block-image aligncenter size-full\"><img loading=\"lazy\" decoding=\"async\" width=\"150\" height=\"150\" src=\"https:\/\/prodeco.pt\/wp-content\/uploads\/2023\/03\/creche-4.png\" alt=\"\" class=\"wp-image-80\"\/><\/figure>\n\n\n\n<p class=\"has-text-align-center\">Apoio \u00e0 medica\u00e7\u00e3o<\/p>\n<\/div>\n\n\n\n<div class=\"wp-block-column is-layout-flow wp-block-column-is-layout-flow\">\n<figure class=\"wp-block-image aligncenter size-full\"><img loading=\"lazy\" decoding=\"async\" width=\"150\" height=\"150\" src=\"https:\/\/prodeco.pt\/wp-content\/uploads\/2023\/03\/add.png\" alt=\"\" class=\"wp-image-101\"\/><\/figure>\n\n\n\n<p class=\"has-text-align-center\">Entre outros<\/p>\n<\/div>\n<\/div>\n\n\n\n<div style=\"height:52px\" aria-hidden=\"true\" class=\"wp-block-spacer\"><\/div>\n\n\n\n<h5 class=\"wp-block-heading\">Documentos<\/h5>\n\n\n\n<div class=\"wp-block-columns is-layout-flex wp-container-core-columns-is-layout-28f84493 wp-block-columns-is-layout-flex\">\n<div class=\"wp-block-column is-vertically-aligned-center is-layout-flow wp-block-column-is-layout-flow\">\n<p>Regulamento SAD<\/p>\n<\/div>\n\n\n\n<div class=\"wp-block-column is-layout-flow wp-block-column-is-layout-flow\">\n<div class=\"wp-block-buttons is-layout-flex wp-block-buttons-is-layout-flex\">\n<div class=\"wp-block-button\"><a class=\"wp-block-button__link wp-element-button\" href=\"https:\/\/prodeco.pt\/wp-content\/themes\/fse-spiritual\/images\/docs\/Regulamento%20SAD.pdf\" target=\"_blank\" rel=\"noreferrer noopener\">Descarregar<\/a><\/div>\n<\/div>\n<\/div>\n\n\n\n<div class=\"wp-block-column is-layout-flow wp-block-column-is-layout-flow\"><\/div>\n<\/div>\n\n\n\n<div class=\"wp-block-columns is-layout-flex wp-container-core-columns-is-layout-28f84493 wp-block-columns-is-layout-flex\">\n<div class=\"wp-block-column is-vertically-aligned-center is-layout-flow wp-block-column-is-layout-flow\">\n<p>Plano de Atividades Idosos<\/p>\n<\/div>\n\n\n\n<div class=\"wp-block-column is-layout-flow wp-block-column-is-layout-flow\">\n<div class=\"wp-block-buttons is-layout-flex wp-block-buttons-is-layout-flex\">\n<div class=\"wp-block-button\"><a class=\"wp-block-button__link wp-element-button\" href=\"https:\/\/prodeco.pt\/wp-content\/themes\/fse-spiritual\/images\/docs\/Plano%20atividades%20idosos.pdf\" target=\"_blank\" rel=\"noreferrer noopener\">Descarregar<\/a><\/div>\n<\/div>\n<\/div>\n\n\n\n<div class=\"wp-block-column is-layout-flow wp-block-column-is-layout-flow\"><\/div>\n<\/div>\n\n\n\n<div class=\"wp-block-columns is-layout-flex wp-container-core-columns-is-layout-28f84493 wp-block-columns-is-layout-flex\">\n<div class=\"wp-block-column is-vertically-aligned-center is-layout-flow wp-block-column-is-layout-flow\">\n<p>Ficha de Inscri\u00e7\u00e3o Idosos<\/p>\n<\/div>\n\n\n\n<div class=\"wp-block-column is-layout-flow wp-block-column-is-layout-flow\">\n<div class=\"wp-block-buttons is-layout-flex wp-block-buttons-is-layout-flex\">\n<div class=\"wp-block-button\"><a class=\"wp-block-button__link wp-element-button\" href=\"https:\/\/prodeco.pt\/wp-content\/themes\/fse-spiritual\/images\/docs\/FICHA%20DE%20INSCRI%C3%87%C3%83O%20IDOSOS.docx\" target=\"_blank\" rel=\"noreferrer noopener\">Descarregar<\/a><\/div>\n<\/div>\n<\/div>\n\n\n\n<div class=\"wp-block-column is-layout-flow wp-block-column-is-layout-flow\"><\/div>\n<\/div>\n\n\n\n<div style=\"height:61px\" aria-hidden=\"true\" class=\"wp-block-spacer\"><\/div>\n","protected":false},"excerpt":{"rendered":"<p>O Servi\u00e7o de Apoio Domicili\u00e1rio (SAD) \u00e9 a resposta social que consiste na presta\u00e7\u00e3o de cuidados e servi\u00e7os a pessoas e\/ou fam\u00edlias que se encontrem no seu domic\u00edlio, [&hellip;]<\/p>\n","protected":false},"author":1,"featured_media":0,"parent":0,"menu_order":0,"comment_status":"closed","ping_status":"closed","template":"","meta":{"ngg_post_thumbnail":0,"footnotes":""},"class_list":["post-39","page","type-page","status-publish","hentry"],"_links":{"self":[{"href":"https:\/\/prodeco.pt\/index.php?rest_route=\/wp\/v2\/pages\/39","targetHints":{"allow":["GET"]}}],"collection":[{"href":"https:\/\/prodeco.pt\/index.php?rest_route=\/wp\/v2\/pages"}],"about":[{"href":"https:\/\/prodeco.pt\/index.php?rest_route=\/wp\/v2\/types\/page"}],"author":[{"embeddable":true,"href":"https:\/\/prodeco.pt\/index.php?rest_route=\/wp\/v2\/users\/1"}],"replies":[{"embeddable":true,"href":"https:\/\/prodeco.pt\/index.php?rest_route=%2Fwp%2Fv2%2Fcomments&post=39"}],"version-history":[{"count":3,"href":"https:\/\/prodeco.pt\/index.php?rest_route=\/wp\/v2\/pages\/39\/revisions"}],"predecessor-version":[{"id":127,"href":"https:\/\/prodeco.pt\/index.php?rest_route=\/wp\/v2\/pages\/39\/revisions\/127"}],"wp:attachment":[{"href":"https:\/\/prodeco.pt\/index.php?rest_route=%2Fwp%2Fv2%2Fmedia&parent=39"}],"curies":[{"name":"wp","href":"https:\/\/api.w.org\/{rel}","templated":true}]}}