{"id":279,"date":"2023-04-20T10:17:43","date_gmt":"2023-04-20T10:17:43","guid":{"rendered":"https:\/\/prodeco.pt\/?page_id=279"},"modified":"2023-04-20T10:17:45","modified_gmt":"2023-04-20T10:17:45","slug":"politica-de-privacidade","status":"publish","type":"page","link":"https:\/\/prodeco.pt\/?page_id=279","title":{"rendered":"Pol\u00edtica de Privacidade"},"content":{"rendered":"\n<h2 class=\"wp-block-heading\"><strong>Termos e Condi\u00e7\u00f5es<\/strong><\/h2>\n\n\n\n<p>O presente website \u00e9 da responsabilidade da Prodeco. Come\u00e7amos por agradecer a sua visita ao nosso website e o seu interesse em conhecer-nos melhor. Enquanto utilizador, \u00e9 importante que saiba que existem alguns termos e condi\u00e7\u00f5es relacionados com a utiliza\u00e7\u00e3o do nosso website, que dever\u00e1 saber e, se visita o nosso website, deve concordar. Se n\u00e3o concordar, n\u00e3o dever\u00e1 continuar a sua visita ao nosso website.<\/p>\n\n\n\n<h4 class=\"wp-block-heading\"><strong><strong>Conte\u00fado do Site<\/strong><\/strong><\/h4>\n\n\n\n<p>No nosso website partilhamos com o nosso p\u00fablico-alvo informa\u00e7\u00f5es relacionadas com os nossos servi\u00e7os. Neste seguimento, todo o conte\u00fado que consta no nosso website \u00e9 propriedade exclusiva da Prodeco, a quem s\u00e3o reservados os direitos de utiliza\u00e7\u00e3o e a partilha dos elementos presentes no website devem ser acompanhados da men\u00e7\u00e3o \u00e0 Prodeco como propriet\u00e1ria do mesmo. Como dever\u00e1 compreender, n\u00e3o autorizamos, de forma alguma, o uso do nosso conte\u00fado para fins comerciais por parte de outras empresas ou marcas. \u00c9 por isso fundamental, que as condi\u00e7\u00f5es mencionadas sejam respeitadas pelos utilizadores das nossas plataformas.<\/p>\n\n\n\n<h2 class=\"wp-block-heading\"><strong><strong>Privacidade<\/strong><\/strong><\/h2>\n\n\n\n<p>No nosso website tem a possibilidade de fornecer voluntariamente os seus dados \u00e0 Prodeco para pedidos de informa\u00e7\u00e3o. Para a utiliza\u00e7\u00e3o comum do website, n\u00e3o \u00e9 necess\u00e1rio fornecer os dados pessoais.&nbsp;&nbsp;O motivo pelo qual solicitamos os seus dados no nosso formul\u00e1rio \u00e9 para podermos responder de forma personalizada e pr\u00f3xima, mediante cada pedido.&nbsp;&nbsp;Caso nos contacte via telefone ou atrav\u00e9s das nossas redes sociais (Facebook, e Instagram), procuraremos utilizar os seus dados com o objetivo espec\u00edfico de dar seguimento ao seu pedido.&nbsp;Todos os dados s\u00e3o guardados na nossa base de dados para futuros contactos.&nbsp;Garantimos a privacidade dos seus dados e garantimos a sua seguran\u00e7a, n\u00e3o ser\u00e3o fornecidos a terceiros sem o seu consentimento. Comprometemo-nos a proteger os seus dados pessoais de acordo com as condi\u00e7\u00f5es mencionadas e, em caso de necessidade de altera\u00e7\u00e3o, ser\u00e1 informado no devido tempo.&nbsp;&nbsp;<\/p>\n\n\n\n<ol class=\"wp-block-list\" type=\"1\" start=\"1\">\n<li>Quem \u00e9 o respons\u00e1vel pelo processamento dos seus dados pessoais?<\/li>\n<\/ol>\n\n\n\n<p>1.1 Os seus dados pessoais s\u00e3o processados pela Prodeco. Pode contactar-nos atrav\u00e9s do e-mail geral@prodeco.pt.&nbsp;<\/p>\n\n\n\n<p>1.2 A Prodeco reserva-se no direito de modificar ou alterar a presente Pol\u00edtica de Privacidade. Tais modifica\u00e7\u00f5es e altera\u00e7\u00f5es ser\u00e3o comunicadas atrav\u00e9s do nosso website.<\/p>\n\n\n\n<ol class=\"wp-block-list\" type=\"1\" start=\"2\">\n<li>Que categorias de dados pessoais processamos?<\/li>\n<\/ol>\n\n\n\n<p>2.1 Quando preenche o formul\u00e1rio de contato no nosso website, ou entra em contato connosco via e-mail, telefone ou redes sociais, a Prodeco recolhe:<\/p>\n\n\n\n<ul class=\"wp-block-list\">\n<li>As informa\u00e7\u00f5es b\u00e1sicas de identidade que fornecer, como nome, endere\u00e7o de e-mail, n\u00famero de telefone;<\/li>\n\n\n\n<li>O conte\u00fado da sua comunica\u00e7\u00e3o e os detalhes t\u00e9cnicos da pr\u00f3pria comunica\u00e7\u00e3o (data, hora, plataforma, entre outros);<\/li>\n\n\n\n<li>Prefer\u00eancias em rela\u00e7\u00e3o \u00e0 rece\u00e7\u00e3o de comunica\u00e7\u00f5es por e-mail, como newsletters, an\u00fancios, ou outros;<\/li>\n\n\n\n<li>Dados de identifica\u00e7\u00e3o eletr\u00f3nica, como endere\u00e7o IP;<\/li>\n\n\n\n<li>Dado pessoal que nos permita identifica-lo (nome) e outros, que deseje fornecer.<\/li>\n<\/ul>\n\n\n\n<ol class=\"wp-block-list\" type=\"1\" start=\"3\">\n<li>Com que finalidade usamos os seus dados pessoais?<\/li>\n<\/ol>\n\n\n\n<p>3.1 A Prodeco processa os seus dados pessoais de modo a fornecer de forma personalizada e eficiente as informa\u00e7\u00f5es e \/ ou servi\u00e7os solicitados por meio do site, e-mail, telefone e redes sociais.&nbsp;<\/p>\n\n\n\n<p>3.2 A Prodeco processa os seus dados pessoais para comunicar consigo como resultado da sua abordagem atrav\u00e9s do Website, e-mail, telefone ou Redes Sociais.&nbsp;<\/p>\n\n\n\n<p>3.3 A Prodeco processa os seus dados pessoais para cumprir as obriga\u00e7\u00f5es legais ou para atender a qualquer solicita\u00e7\u00e3o razo\u00e1vel dos agentes ou representantes da lei competentes, autoridades judiciais, ag\u00eancias ou \u00f3rg\u00e3os governamentais, incluindo autoridades competentes de prote\u00e7\u00e3o de dados. Os seus dados pessoais podem ser transferidos por iniciativa pr\u00f3pria da Prodeco \u00e0 pol\u00edcia ou \u00e0s autoridades judiciais como prova ou se houver suspeitas justificadas de um ato il\u00edcito ou crime cometido por si atrav\u00e9s de seu registro ou uso do Site, nossas Redes Social ou outra comunica\u00e7\u00e3o connosco.&nbsp;<\/p>\n\n\n\n<p>3.5 A Prodeco pode processar os seus dados pessoais para preservar os interesses leg\u00edtimos da Prodeco, seus parceiros ou terceiros, se e quando o seu registro ou uso do Site, dos Redes Sociais ou outros canais de comunica\u00e7\u00e3o puderem ser considerados ( a) uma viola\u00e7\u00e3o de quaisquer termos de uso aplic\u00e1veis ou os direitos de propriedade intelectual ou qualquer outro direito de terceiros, (b) uma amea\u00e7a \u00e0 seguran\u00e7a ou integridade do site, (c) um perigo para o site ou qualquer um dos Sistemas subjacentes da Prodeco ou dos seus subcontratados devido a v\u00edrus, cavalos de Tr\u00f3ia, spyware, malware ou qualquer outra forma de c\u00f3digo malicioso, ou (d) de qualquer maneira odiosa, obscena, discriminat\u00f3ria, racista, caluniosa, maldosa ou de alguma outra forma inadequado ou ilegal.&nbsp;<\/p>\n\n\n\n<ol class=\"wp-block-list\" type=\"1\" start=\"4\">\n<li>Porque \u00e9 que o nosso processamento de seus dados pessoais \u00e9 leg\u00edtimo?<\/li>\n<\/ol>\n\n\n\n<p>4.1 Para o processamento dos seus dados pessoais para o prop\u00f3sito descrito na cl\u00e1usula 3.1, pedimos o seu consentimento.&nbsp;<\/p>\n\n\n\n<p>4.2 O processamento dos seus dados pessoais para o prop\u00f3sito delineado na cl\u00e1usula 3.4 \u00e9 necess\u00e1rio para permitir que a Prodeco cumpra com suas obriga\u00e7\u00f5es legais.&nbsp;<\/p>\n\n\n\n<p>4.3 O processamento dos seus dados pessoais para os fins descritos nas cl\u00e1usulas 3.2, 3.3, 3.6 e 3.7 \u00e9 necess\u00e1rio para os interesses leg\u00edtimos da Prodeco, que s\u00e3o:<\/p>\n\n\n\n<ul class=\"wp-block-list\">\n<li>Ser capaz de responder adequadamente \u00e0s suas solicita\u00e7\u00f5es de informa\u00e7\u00f5es e outras solicita\u00e7\u00f5es;<\/li>\n\n\n\n<li>Comunicar os seus dados pessoais aos nossos parceiros e para fornecer informa\u00e7\u00f5es adequadas;<\/li>\n\n\n\n<li>Permitir-nos defender em procedimentos legais;<\/li>\n\n\n\n<li>Melhorias cont\u00ednuas no site, canais de redes sociais, produtos e servi\u00e7os para garantir que tenha a melhor experi\u00eancia poss\u00edvel;<\/li>\n\n\n\n<li>Manter o nosso site, redes sociais e servi\u00e7os protegidos contra uso indevido e atividades ilegais;<\/li>\n\n\n\n<li>Salvaguardar os nossos interesses e necessidades comerciais em fun\u00e7\u00e3o das mudan\u00e7as nas condi\u00e7\u00f5es de mercado;<\/li>\n\n\n\n<li>Quais s\u00e3o os seus direitos?<\/li>\n<\/ul>\n\n\n\n<p>5.1 Tem o direito de solicitar acesso a todos os dados pessoais processados pela Prodeco que vos \u00e9 pertencente. A Prodeco reserva-se no direito de cobrar uma taxa administrativa por v\u00e1rios pedidos subsequentes de acesso que sejam claramente apresentados por causar inc\u00f3modo ou prejudicar a Prodeco.&nbsp;<\/p>\n\n\n\n<p>5.2 Tem o direito de solicitar que quaisquer seus dados pessoais que sejam imprecisos sejam corrigidos gratuitamente. Se um pedido de corre\u00e7\u00e3o for apresentado, tal solicita\u00e7\u00e3o dever\u00e1 ser acompanhada de uma prova da natureza defeituosa dos dados para os quais a corre\u00e7\u00e3o \u00e9 solicitada.&nbsp;&nbsp;<\/p>\n\n\n\n<p>5.3 Tem o direito de retirar seu consentimento anterior, conforme a cl\u00e1usula 4.4, para processar seus dados pessoais.&nbsp;&nbsp;&nbsp;<\/p>\n\n\n\n<p>5.4 Tem o direito de solicitar que os seus dados pessoais sejam apagados, se eles n\u00e3o forem mais necess\u00e1rios \u00e0 luz dos prop\u00f3sitos descritos acima ou se retirar o seu consentimento para process\u00e1-los. No entanto, \u00e9 necess\u00e1rio ter em mente que uma solicita\u00e7\u00e3o de exclus\u00e3o ser\u00e1 avaliada pela Prodeco em rela\u00e7\u00e3o a:<\/p>\n\n\n\n<ul class=\"wp-block-list\">\n<li>Interesses superiores das Prodeco ou de qualquer outro terceiro;<\/li>\n\n\n\n<li>Obriga\u00e7\u00f5es legais ou regulamentares ou ordens administrativas ou judiciais que possam contradizer tal exclus\u00e3o.<\/li>\n<\/ul>\n\n\n\n<p>&nbsp;&nbsp;Em vez de excluir, poder\u00e1 tamb\u00e9m solicitar que a Prodeco limite o processamento dos seus dados pessoais se e quando: (a) contestar a exatid\u00e3o desses dados, (b) o processamento for ileg\u00edtimo ou (c) os dados n\u00e3o forem mais necess\u00e1rios para o prop\u00f3sito descrito acima, mas poder\u00e1 precisar deles para se defender em processos judiciais.&nbsp;<\/p>\n\n\n\n<p>5.5 Tem o direito de se opor ao processamento dos dados pessoais se puder provar que existem raz\u00f5es s\u00e9rias e justificadas relacionadas com suas circunst\u00e2ncias particulares que justificam tal oposi\u00e7\u00e3o. No entanto, se o processamento pretendido se qualifica como marketing direto, voc\u00ea tem o direito de se opor a esse processamento gratuitamente e sem justificativa.&nbsp;<\/p>\n\n\n\n<p>5.6 Tem o direito de receber em formato estruturado, comumente usado e leg\u00edvel por m\u00e1quina, todos os dados pessoais que nos forneceu.&nbsp;<\/p>\n\n\n\n<p>5.7 Se desejar enviar uma solicita\u00e7\u00e3o para exercer um ou mais dos direitos listados acima, pode enviar um e-mail para geral@prodeco.pt para todos os assuntos referentes aos direitos dos titulares de dados. Um e-mail solicitando o exerc\u00edcio de um direito n\u00e3o deve ser interpretado como consentimento com o processamento de seus dados pessoais al\u00e9m do que \u00e9 necess\u00e1rio para lidar com sua solicita\u00e7\u00e3o. Tal pedido deve indicar claramente e especificar qual direito que deseja exercer e as raz\u00f5es para tal se tal for necess\u00e1rio. Ele tamb\u00e9m deve ser datado e assinado e acompanhado por uma c\u00f3pia digital digitalizada de seu cart\u00e3o de identifica\u00e7\u00e3o v\u00e1lido comprovando sua identidade.&nbsp;A Prodeco informar\u00e1 prontamente da rece\u00e7\u00e3o desse pedido. Se a solicita\u00e7\u00e3o for v\u00e1lida, a Prodeco dever\u00e1 notific\u00e1-la assim que razoavelmente poss\u00edvel.&nbsp;Se tiver qualquer reclama\u00e7\u00e3o sobre o processamento de seus dados pessoais pela Prodeco poder\u00e1 sempre entrar em contato com Prodeco atrav\u00e9s do endere\u00e7o de e-mail mencionado no primeiro par\u00e1grafo desta cl\u00e1usula. Se permanecer insatisfeito com a resposta da Prodeco, \u00e9 livre para registrar uma reclama\u00e7\u00e3o junto \u00e0 autoridade competente de prote\u00e7\u00e3o de dados, ou seja, a autoridade de prote\u00e7\u00e3o de dados do pa\u00eds em que reside ou a autoridade de prote\u00e7\u00e3o de dados. Para mais informa\u00e7\u00f5es, visite:&nbsp;<a href=\"https:\/\/www.cnpd.pt\/index.asp\">https:\/\/www.cnpd.pt\/index.asp<\/a><\/p>\n","protected":false},"excerpt":{"rendered":"<p>Termos e Condi\u00e7\u00f5es O presente website \u00e9 da responsabilidade da Prodeco. Come\u00e7amos por agradecer a sua visita ao nosso website e o seu interesse em conhecer-nos melhor. Enquanto [&hellip;]<\/p>\n","protected":false},"author":1,"featured_media":0,"parent":0,"menu_order":0,"comment_status":"closed","ping_status":"closed","template":"","meta":{"ngg_post_thumbnail":0,"footnotes":""},"class_list":["post-279","page","type-page","status-publish","hentry"],"_links":{"self":[{"href":"https:\/\/prodeco.pt\/index.php?rest_route=\/wp\/v2\/pages\/279","targetHints":{"allow":["GET"]}}],"collection":[{"href":"https:\/\/prodeco.pt\/index.php?rest_route=\/wp\/v2\/pages"}],"about":[{"href":"https:\/\/prodeco.pt\/index.php?rest_route=\/wp\/v2\/types\/page"}],"author":[{"embeddable":true,"href":"https:\/\/prodeco.pt\/index.php?rest_route=\/wp\/v2\/users\/1"}],"replies":[{"embeddable":true,"href":"https:\/\/prodeco.pt\/index.php?rest_route=%2Fwp%2Fv2%2Fcomments&post=279"}],"version-history":[{"count":1,"href":"https:\/\/prodeco.pt\/index.php?rest_route=\/wp\/v2\/pages\/279\/revisions"}],"predecessor-version":[{"id":280,"href":"https:\/\/prodeco.pt\/index.php?rest_route=\/wp\/v2\/pages\/279\/revisions\/280"}],"wp:attachment":[{"href":"https:\/\/prodeco.pt\/index.php?rest_route=%2Fwp%2Fv2%2Fmedia&parent=279"}],"curies":[{"name":"wp","href":"https:\/\/api.w.org\/{rel}","templated":true}]}}